 divisor of 1628 and 222?
74
Calculate the highest common factor of 25 and 170.
5
Calculate the greatest common divisor of 93 and 12.
3
Calculate the highest common divisor of 4350 and 696.
174
Calculate the highest common divisor of 1155 and 14.
7
Calculate the highest common factor of 15 and 15000.
15
What is the highest common divisor of 165 and 99?
33
Calculate the greatest common divisor of 175 and 75.
25
What is the highest common divisor of 22578 and 636?
318
What is the highest common factor of 165 and 220?
55
What is the highest common factor of 121 and 363?
121
What is the highest common divisor of 248 and 93?
31
What is the highest common divisor of 7 and 161?
7
What is the highest common factor of 180 and 315?
45
Calculate the highest common divisor of 78 and 182.
26
What is the highest common factor of 74 and 259?
37
What is the greatest common divisor of 3922 and 74?
74
Calculate the highest common divisor of 56 and 232.
8
What is the highest common divisor of 920 and 1564?
92
Calculate the highest common factor of 612 and 68.
68
Calculate the greatest common factor of 56 and 252.
28
Calculate the highest common divisor of 117 and 279.
9
Calculate the highest common divisor of 104 and 8.
8
What is the greatest common factor of 1886 and 46?
46
Calculate the highest common divisor of 42 and 714.
42
Calculate the greatest common divisor of 9468 and 36.
36
Calculate the highest common divisor of 2725 and 25.
25
What is the greatest common factor of 298 and 6?
2
Calculate the highest common divisor of 72 and 1704.
24
What is the greatest common factor of 948 and 24?
12
Calculate the highest common factor of 64 and 5.
1
What is the greatest common divisor of 133 and 19?
19
Calculate the highest common divisor of 1978 and 430.
86
What is the greatest common factor of 200 and 1760?
40
What is the highest common factor of 112 and 6748?
28
Calculate the greatest common divisor of 14 and 21.
7
Calculate the greatest common divisor of 441 and 378.
63
Calculate the greatest common factor of 53 and 14681.
53
What is the highest common factor of 396 and 4?
4
Calculate the highest common divisor of 369 and 13899.
123
What is the highest common divisor of 624 and 22152?
312
Calculate the highest common divisor of 13 and 6799.
13
Calculate the highest common factor of 1920 and 15.
15
What is the highest common factor of 1104 and 69?
69
What is the greatest common divisor of 32 and 8?
8
What is the greatest common factor of 36 and 31536?
36
What is the greatest common factor of 65 and 2470?
65
What is the highest common factor of 4850 and 50?
50
What is the highest common divisor of 4107 and 222?
111
Calculate the greatest common divisor of 53 and 4187.
53
What is the highest common factor of 13 and 299?
13
Calculate the highest common factor of 10 and 158.
2
What is the greatest common factor of 276 and 115?
23
What is the highest common factor of 581 and 21?
7
Calculate the greatest common divisor of 24 and 1560.
24
Calculate the greatest common factor of 9 and 4.
1
What is the highest common factor of 285 and 30?
15
What is the highest common divisor of 30615 and 195?
195
Calculate the greatest common factor of 14 and 1932.
14
Calculate the greatest common factor of 30 and 3170.
10
What is the greatest common factor of 1541 and 1943?
67
What is the highest common factor of 103 and 6901?
103
What is the highest common factor of 36 and 13644?
36
Calculate the greatest common divisor of 243 and 495.
9
Calculate the highest common divisor of 24 and 456.
24
Calculate the greatest common divisor of 64 and 3088.
16
Calculate the highest common factor of 14 and 574.
14
What is the highest common factor of 112 and 1148?
28
What is the highest common divisor of 19584 and 9?
9
Calculate the highest common divisor of 143 and 13.
13
What is the highest common factor of 966 and 252?
42
Calculate the greatest common factor of 2114 and 154.
14
Calculate the greatest common divisor of 10 and 320.
10
What is the greatest common divisor of 4118 and 58?
58
What is the highest common factor of 3488 and 224?
32
What is the highest common factor of 350 and 518?
14
What is the greatest common divisor of 8 and 7768?
8
Calculate the highest common divisor of 7740 and 5.
5
Calculate the highest common divisor of 44662 and 274.
274
What is the greatest common divisor of 132 and 231?
33
Calculate the highest common factor of 192 and 648.
24
What is the highest common divisor of 2 and 3618?
2
What is the highest common factor of 329 and 238?
7
Calculate the greatest common divisor of 23 and 2047.
23
What is the greatest common factor of 24 and 408?
24
What is the greatest common factor of 363 and 3?
3
What is the highest common factor of 482 and 16?
2
Calculate the greatest common divisor of 30 and 18.
6
What is the highest common divisor of 70 and 1750?
70
Calculate the greatest common divisor of 170 and 1904.
34
What is the greatest common divisor of 80 and 5280?
80
What is the highest common divisor of 6358 and 506?
22
Calculate the greatest common divisor of 112 and 5488.
112
What is the greatest common divisor of 185 and 37?
37
What is the highest common divisor of 320 and 24?
8
What is the highest common factor of 1073 and 29?
29
Calculate the greatest common divisor of 28 and 749.
7
Calculate the greatest common factor of 1250 and 700.
50
What is the greatest common factor of 5611 and 31?
31
What is the highest common divisor of 1050 and 28?
14
What is the greatest common divisor of 20 and 500?
20
Calculate the highest common factor of 171 and 2169.
9
Calculate the greatest common factor of 70 and 88.
2
What is the greatest common factor of 11 and 1232?
11
What is the greatest common divisor of 2442 and 594?
66
What is the greatest common divisor of 137 and 1?
1
What is the greatest common factor of 603 and 5829?
201
Calculate the greatest common divisor of 65 and 195.
65
What is the highest common factor of 21369 and 51?
51
What is the greatest common divisor of 26 and 78?
26
What is the greatest common divisor of 800 and 120?
40
Calculate the greatest common divisor of 900 and 99.
9
Calculate the highest common factor of 672 and 2240.
224
What is the highest common divisor of 44 and 3311?
11
Calculate the highest common factor of 24 and 96.
24
What is the greatest common factor of 64 and 652?
4
What is the greatest common divisor of 72 and 6246?
18
Calculate the greatest common factor of 252 and 672.
84
Calculate the greatest common factor of 104 and 13.
13
Calculate the greatest common factor of 7570 and 10.
10
Calculate the highest common factor of 3942 and 54.
54
What is the greatest common factor of 5658 and 345?
69
Calculate the highest common factor of 10 and 95.
5
Calculate the greatest common divisor of 17 and 4233.
17
What is the highest common divisor of 77 and 133?
7
What is the greatest common factor of 559 and 52?
13
What is the greatest common factor of 102 and 442?
34
Calculate the highest common divisor of 180 and 315.
45
What is the highest common factor of 130 and 230?
10
What is the highest common factor of 88 and 902?
22
Calculate the greatest common factor of 180 and 555.
15
What is the greatest common divisor of 375 and 875?
125
Calculate the highest common divisor of 6 and 78.
6
What is the greatest common divisor of 56 and 7?
7
Calculate the highest common factor of 3462 and 12.
6
What is the highest common factor of 927 and 18?
9
What is the greatest common factor of 198 and 3690?
18
Calculate the highest common divisor of 9 and 5.
1
Calculate the greatest common divisor of 10730 and 29.
29
What is the highest common divisor of 262 and 58?
2
What is the greatest common divisor of 43 and 473?
43
What is the highest common divisor of 1100 and 88?
44
What is the greatest common divisor of 675 and 75?
75
Calculate the greatest common factor of 36 and 26478.
18
What is the highest common divisor of 3811 and 74?
37
What is the highest common divisor of 60 and 620?
20
Calculate the highest common divisor of 75 and 33.
3
What is the highest common divisor of 114 and 30?
6
What is the highest common factor of 30 and 120?
30
Calculate the greatest common factor of 444 and 84.
12
Calculate the greatest common divisor of 47 and 94.
47
What is the h